 5*f**4/24 - f**3/6 + 2*f**2 + f. Let n(s) be the first derivative of y(s). Determine n(-5).
-1
Let p(i) = i**3 - 3*i**2 - 3*i - 3. Let c(w) be the first derivative of -w**4/4 - 5*w**3/3 + 5*w**2/2 + 1. Let r be c(-6). Let g = r + -2. Calculate p(g).
1
Let g(l) = 0*l - 2*l + l + 1. Let n(i) = 2*i - 3. Let v(z) = z. Let s(d) = n(d) + v(d). Let m(r) = -2*g(r) - s(r). Give m(-3).
4
Let z = 15 + 2. Let h(a) = -15 - 18*a + 4*a**2 + 10*a - z*a. Let b(g) = -g**2 + 8*g + 5. Let o(c) = -7*b(c) - 2*h(c). Calculate o(-5).
0
Let o(q) = q**2 + 6*q + 5. Suppose -14*b + 28 = -18*b. Determine o(b).
12
Let p(j) be the second derivative of -1/3*j**3 + 1/2*j**2 + 0 - 4*j. Calculate p(3).
-5
Let u(s) be the first derivative of -s**7/840 - s**6/360 + s**5/30 + s**4/8 + s**3 + 6. Let d(g) be the third derivative of u(g). Give d(-2).
-1
Let j(b) = 13*b + 2. Let p(t) = -7*t - 1. Let a be 0/(-3)*1 - 2. Let w(l) = a*j(l) - 5*p(l). Give w(1).
10
Let q(n) be the first derivative of n**4/4 - 5*n**3/3 + n**2/2 + 2*n + 36. Calculate q(5).
7
Suppose -g - 4 = -11. Let r(c) = c + 2. Let s(q) = 4*q + 6. Let x(v) = g*r(v) - 2*s(v). Calculate x(2).
0
Let f be (2 + -2)/((-2)/1). Let h(z) = -2*z + f*z - 6 + 2*z**2 + 7 - 3*z**3 + 9*z**3. Determine h(1).
7
Suppose -3*i = 4*f - 10, -2*f - 14 = -3*f + 5*i. Let j(s) = -s**3 + 4*s**2 - s + 3. What is j(f)?
-1
Let f(t) be the third derivative of t**6/120 - t**4/12 + t**3/3 + t**2. Determine f(2).
6
Let n(v) = 4*v + 6. Let y(j) = -5*j - 8. Let w(h) = -3*n(h) - 2*y(h). Suppose 0*m + 21 = 3*m. Suppose -m*u + 2*u + 10 = 0. Give w(u).
-6
Let q(a) = -4 - 3*a - 3 - a**2 + 0*a - 3*a. Suppose -4*w - 28 + 4 = -2*x, -w = -3*x + 11. Determine q(w).
-2
Let a be (6 + -4)/(2 - 0). Let v(k) = -6*k - a - k**2 + k - 2*k + 6. What is v(-6)?
11
Let p(u) be the second derivative of -2*u + 0 + 1/6*u**4 + 1/120*u**5 + 0*u**2 + 0*u**3 + 1/720*u**6. Let h(m) be the third derivative of p(m). What is h(-3)?
-2
Let d = 7/248 - -3/31. Let c(i) be the third derivative of 0 - i**3 + d*i**4 + 0*i - 4*i**2. Determine c(4).
6
Let b = 19 + -16. Let w(a) = -a**2 + 3. Calculate w(b).
-6
Suppose 16 = -0*i + 4*i. Suppose 0*h - 2*h = i*q - 24, 2*h = -3*q + 19. Let b(t) = -t + 8. What is b(q)?
3
Let x(j) = 5*j**3 + 2*j**2 - 3*j - 3. Suppose 0*l + 18 = -9*l. Give x(l).
-29
Suppose 0 = l - 4*v + 4, -16 = 5*l - l + v. Let r(p) = p**3 + 6*p**2 + 5*p - 2. Calculate r(l).
10
Let s(l) = l**3 - 2*l + 3*l + 38 + 9*l**2 - 31. Calculate s(-9).
-2
Suppose 2*h + h + 3*m = 15, -4*h - 2*m = -18. Suppose 3*u + 3 = h*u. Suppose l + 3*b = -l - 11, 0 = -u*l - b - 6. Let x(z) = 5*z**3 - z**2 + z + 1. Give x(l).
-6
Let x(u) be the second derivative of -u**4/12 + u**3/2 - 2*u**2 - u. Let p be (-6)/18 - (-4)/(-6). Let d(g) = 2*g**2 - 2*g - 1. Let n be d(p). Give x(n).
-4
Let q(w) = -w**2 + 3*w - 4. Let p = 13 + -10. Give q(p).
-4
Let z(t) = -2*t - 5. Suppose -5*s - 21 = 4. Calculate z(s).
5
Let t(u) = -u**2 + 8*u - 12. Let o be t(6). Suppose -2*c - 2*c + 16 = o. Let d(x) = -x**2 + 2*x + 3. Give d(c).
-5
Suppose -3*a = -2*u - 20, 0*a + 4*a - 5*u - 36 = 0. Suppose 1 = -a*t + 9. Let y(w) = -3*w**2 + 2*w**t - 5*w + w. What is y(-5)?
-5
Let c(w) = 0*w**2 - 3 + 4*w**2 + 3*w - 3*w**2. Suppose 3*l = 2*l - 4, 2*h - 5*l = 14. Determine c(h).
-3
Let f(l) = l**2 - 6*l + 4. Let i be f(6). Suppose -i*t + 0*t = -2*b + 8, b = 4. Let z(m) = -m**3 - m**2 - m + 9. Determine z(t).
9
Suppose -2 = -v - 1. Let f(u) = 6*u + 5. Let s = -9 + 1. Let b(d) = 4*d + 3. Let r(z) = s*b(z) + 5*f(z). Give r(v).
-1
Let f(g) = g**2 + 5*g - 5. Let b be f(-6). Let w(z) = -z**2 - 1. Let r(l) = l**2 - 6*l + 1. Let m(i) = b*r(i) + 2*w(i). What is m(-6)?
-1
Let a(x) be the first derivative of -3*x**2/2 - x + 7. Suppose 4*i + 11 = 3*b, -3*b + 11 = -i - 3. Suppose b*l + 9 = 2*l. Give a(l).
8
Let y(k) = 4*k**2 + 4*k. Let z(m) = 9*m**2 + 9*m - 1. Let o(g) = -7*y(g) + 3*z(g). Let p(t) be the first derivative of o(t). Determine p(-3).
5
Let v(b) be the first derivative of -b**4/4 + 4*b**3/3 - b**2 + 6*b + 12. Determine v(4).
-2
Let i be ((-6)/(-4))/((-15)/(-40)). Suppose 3*c - 41 = 10. Suppose -6*g - 19 = -g - 3*k, -i*g - c = -3*k. Let j(p) = -2*p**2 - 2*p + 2. What is j(g)?
-2
Let r(d) = -6*d - 3. Let w be -5 + 7 + (-6)/3. Let z = -2 - w. Determine r(z).
9
Suppose -51 + 3 = -3*j. Let b = j + -21. Let o(g) = -g + 7. What is o(b)?
12
Let x = -42 - -44. Let i(g) = -4*g**3 - 4*g**2 - 2*g + 5. Let r(b) = 5*b**3 + 5*b**2 + 2*b - 6. Let y(t) = 6*i(t) + 5*r(t). Calculate y(x).
8
Let t(m) = m**2 + 2*m - 2. Let j(w) = w**3 + 3*w**2 - 5*w - 6. Let f be j(-4). Let g be -1 - (f - -2) - 0. Let a = 3 + g. Determine t(a).
6
Let t(h) = -4*h - 2. Let o be t(2). Let v = o + 9. Let r(a) = 11*a + 1. Determine r(v).
-10
Let p(a) = a + 9. Let m(x) = -x + 4. Let i be m(4). Suppose 3*l + 6 = 21, -2*r + l - 1 = i. Suppose 0 = r*d + d + 15. Determine p(d).
4
Let c(b) = -4*b + 2. Suppose 3*j = -m - 2*m, 2 = 3*j + 2*m. Calculate c(j).
-6
Let r(g) be the third derivative of g**6/120 + g**5/20 + g**3/6 - 2*g**2. Let u = 0 - 2. Let o be r(u). Let c(m) = m**2 - 5*m - 4. What is c(o)?
-4
Suppose 0 = -o - 0*o. Suppose 14 = -5*v + 39, o = 2*f - v - 5. Let n(w) = -w**2 + 5*w - 5. Give n(f).
-5
Let s(j) = -j**3 + 2*j**2 + 2*j**3 + 2*j**2. Suppose 4 = 4*n - 5*n. Let b = n - 0. Determine s(b).
0
Let g(j) = -j**2 + 3*j + 6 + 2*j + j**3 - 4*j. Suppose 0 = 2*f - 4*f. Calculate g(f).
6
Let x(j) be the third derivative of j**4/12 + j**3/2 - 19*j**2. Give x(-3).
-3
Let h be (-1)/((-10)/6)*5. Let i(c) = -1 - c - h*c**2 + 0 - 6*c**2. Let b be (-8)/24*((1 - -1) + 1). What is i(b)?
-9
Let b(n) = -n + 2. Suppose d + t = -4*d + 18, -5*d + 28 = -4*t. Let h be 3*d/(-12)*-4. Determine b(h).
-2
Suppose 3*g = 4*g + 4*y + 12, 0 = -4*g - 2*y - 6. Let d(b) = b + 8. Let h be d(-7). Let s(a) = h - 3*a**3 - a**2 + 0*a**3 + a + g*a. What is s(-1)?
2
Let b(g) be the third derivative of g**6/120 - g**5/12 + g**4/12 - 5*g**3/6 - 2*g**2. Calculate b(4).
-13
Suppose -3*q + 6 = -5*j, 3*j - 3 - 1 = -2*q. Let b(w) be the second derivative of -1/12*w**4 + 0 + 2/3*w**3 - 3/2*w**2 + w. Give b(q).
1
Suppose -3*h + 3*a = 6, -3*h - 34 = a + 3*a. Let v(l) be the second derivative of l**5/20 + 5*l**4/12 - 2*l**3/3 + 7*l**2/2 - 2*l. Calculate v(h).
-5
Let i be (-7)/((-28)/24) + 2. Let y(d) = d**3 + 11 - i*d**2 - 1 - 2*d**3 + 2*d. Calculate y(-8).
-6
Let v(o) = -3*o. Let w(i) = -3*i - i + i + 12 + 4*i. Let x be w(-13). What is v(x)?
3
Let r(y) = -4*y + 25. Let m(d) = d - 6. Let b(o) = 9*m(o) + 2*r(o). Determine b(5).
1
Let y(s) = s**2 + 9*s + 14. Let r be y(-7). Let k(n) be the third derivative of r*n + 0*n**4 - n**2 + 0 + 7/60*n**5 - 1/6*n**3. Give k(-1).
6
Let d(q) = -4*q - 53. Let o be d(-15). Let s(j) be the second derivative of -j**4/12 + 3*j**3/2 - 7*j**2/2 - j. Give s(o).
7
Suppose 0 = 5*f - 2*u + 4, 0 = 3*f + 3*u - 1 - 5. Let k(j) = -3*j. Let n(r) = -7*r + 1. Let o(z) = 5*k(z) - 2*n(z). Give o(f).
-2
Let a(l) = -l + 2. Let z be -2*(5 + (-2)/2). Let s be (2 - 1)*10/(-5). Let p be 30/8 + s/z. Calculate a(p).
-2
Let t(i) be the second derivative of i**5/60 - 5*i**3/3 - i**2 + i. Let n(g) be the first derivative of t(g). Give n(0).
-10
Let t(u) = -u**2 + 1. Let w(v) = 14*v**2 + 20*v + 3. Let s(g) = -6*t(g) - w(g). Let n(i) = -3*i**2 - 7*i - 3. Let c(d) = 11*n(d) - 4*s(d). Calculate c(-2).
-7
Let c(s) be the second derivative of 3*s**5/20 - s**4/12 + s**2/2 + 6*s. Determine c(-1).
-3
Let v(a) = a**3 - a. Let l = 0 - 4. Let x = l - -2. Calculate v(x).
-6
Let n(b) = -1 + 0*b + 8*b + b - 1 + b**2. Let m(i) = i**2 + 10*i - 1. Suppose 0 = 5*d + 24 - 4. Let l(q) = d*m(q) + 5*n(q). Determine l(-5).
-6
Let n(z) = 3*z**2 - 2*z**2 - 5 + 6 + 6*z - 3. Calculate n(-6).
-2
Let x(t) = -11*t**2 + 21*t - 3. Let g(w) = 5*w**2 - 10*w + 1. Let v(a) = -a**3 + 12*a**2 - 10*a - 15. Let d be v(11). Let q(n) = d*x(n) - 9*g(n). What is q(6)?
3
Let k = 3 - 1. Let x(a) = 1 - a - 2*a**2 - 3 + 0*a**k - 4*a**2 - a**3. Determine x(-6).
4
Suppose 2*d = -5 + 9. Let m = 0 - -3. Let i(y) = -m*y + 1 - 3 + 4*y. Give i(d).
0
Let d be (10 + -1)*(-3)/(-9). Let x(t) = -15*t + 10*t - t**2 + 6*t + t**d - 5. Calculate x(0).
-5
Let o(k) = k**2 - k - 6. Suppose 4*b = 3*b + 5. Let t = -23 + 28. Suppose 2*a - l = -b*l, -t*a = -5*l. What is o(a)?
-6
Let z(l) = -l**2 + 6